et p(z) = -4*z - 24. Let d be p(-6). What are the prime factors of r(d)?
59
Let i(d) = 6*d. Suppose 0 = 2*z + x - 14, -2*z = 2*x + 3*x - 6. What are the prime factors of i(z)?
2, 3
Suppose 0 = -5*o - 3 + 18. Let p(a) = -11*a - 65. Let q be p(-5). What are the prime factors of (11 + -14)/(o/q)?
2, 5
Suppose 0 = q + 3*l + 171, q = -3*q - 2*l - 644. Let g = 233 + q. List the prime factors of g.
2, 37
Let h(u) = -u + 1. Let j be h(-2). Let f(x) be the first derivative of 2*x**3/3 + x**2/2 + 3*x - 6. What are the prime factors of f(j)?
2, 3
Let g(h) = -937*h**3 + 2*h**2 + 2*h + 1. What are the prime factors of g(-1)?
2, 7, 67
Let s(d) = 3*d**3 - 22*d**2 + 35*d - 9. What are the prime factors of s(15)?
3, 7, 271
Suppose -5*q + 26 = 3*g, -2 - 1 = g. Let k = -17 - -22. Suppose -q*j + k*j = -64. List the prime factors of j.
2
Suppose -3238 = -21*p + 14612. List the prime factors of p.
2, 5, 17
Let w(o) = 6*o**2 - 3*o - 12. Suppose -4*g - 2*d - 22 = 0, g - 4*d - 11 = d. Let b be w(g). Suppose -7*a + b = -5*a. List the prime factors of a.
2, 3
Let v(u) be the third derivative of u**4/24 + u**3/6 - 6*u**2. Let f be v(8). Let b = 0 + f. What are the prime factors of b?
3
Suppose 2*o - 20 = 8. What are the prime factors of (-462)/3*(-7)/o?
7, 11
Let w(z) = 5*z**2 + 10*z + 10. Let j be w(8). Suppose 60 - j = 5*g. What are the prime factors of (-644)/g + 1/(-5)?
3
Let t(h) = -5*h**2 + 242*h + 36. What are the prime factors of t(45)?
3, 89
Suppose 2*h + 0 + 8 = 0. List the prime factors of (0 + 1)/(h/(-444)).
3, 37
Suppose 6*r - 20 = r. Suppose -r*k = 7 + 5. Let q(d) = -3*d**3 - 3*d**2 - 4*d - 2. What are the prime factors of q(k)?
2
Let f(t) be the second derivative of 0 + 37/2*t**2 + 4*t - 1/3*t**3. What are the prime factors of f(0)?
37
Let i(g) = -g**2 + 5*g - 7. Let k be i(5). Let p(u) = -u**2 - 3*u - 3. Let h be p(-6). List the prime factors of ((-66)/k)/((-3)/h).
2, 3, 11
Suppose 2*l = -95 + 99, 14350 = 4*s + 3*l. List the prime factors of s.
2, 11, 163
Suppose 3*z = -4*t + 325, 2*t + 3*t + 530 = 5*z. Let l = 159 - z. List the prime factors of l.
2, 13
Let r(l) = l**3 - 5*l**2 - 8*l + 3. Let x be r(6). Let a = -1 - x. Let t = a - -26. What are the prime factors of t?
2, 17
Let c(h) = h - 1. Let b be c(5). Suppose 0 = -0*v - b*v + 8. Suppose -30 = -v*z - 0. List the prime factors of z.
3, 5
Let g = -19 + 19. Suppose 3*x - 111 = -g*x. Let k = 75 - x. What are the prime factors of k?
2, 19
Let v be 2/(1/(20/8)). Suppose 13 = -v*h + 998. List the prime factors of h.
197
Suppose -9*j = -454 - 239. Let d be (-4)/(-10) + (-286)/(-10). Suppose -y = 4*y + 2*u - j, 0 = 2*y - u - d. List the prime factors of y.
3, 5
What are the prime factors of (-15 - (-730)/50)/((-1)/9065)?
2, 7, 37
Let o(l) = 139*l + 61. List the prime factors of o(9).
2, 41
Let q(a) = 2*a**3 - 22*a**2 - 10*a - 5. What are the prime factors of q(12)?
163
What are the prime factors of (-2)/9 + (-1013180)/(-630)?
2, 3, 67
Let m(x) = -x**3 - x**2 + 11. Let i(b) = 3*b**2 - 2*b + 2. Let d be i(2). Suppose 3*u - 3*p + 4 = d, -p = -4*u + 2. What are the prime factors of m(u)?
11
Let o = -128 - -907. List the prime factors of o.
19, 41
Let n = 13 - 11. Suppose 4*m - n*j + j = 25, 0 = m + j. Suppose -m*f = -465 + 115. What are the prime factors of f?
2, 5, 7
Let v = 146 + -88. Suppose -b = -2*g - 119 - v, 5*g = -5*b + 930. List the prime factors of b.
3, 61
Let t be (8/16)/(2/8). Suppose -t*s + 73 - 7 = 3*q, 2*q - 31 = 3*s. What are the prime factors of (72/(-5))/((-6)/q)?
2, 3
List the prime factors of 1209 + 0 + 0/(22 + -5).
3, 13, 31
Suppose 8 = 4*i - 16. Suppose 0 = 2*o - i - 16. Suppose 0 = -n + 15 + o. What are the prime factors of n?
2, 13
Let q be 40/(-6) - (-2)/(-6). Let z = q + 2. List the prime factors of (-91)/z - 2/10.
2, 3
List the prime factors of ((-16)/2)/((-2)/40).
2, 5
Let u = -811 + 874. What are the prime factors of u?
3, 7
Let j(u) = -95*u**3 - 15*u**2 - 28*u + 4. What are the prime factors of j(-2)?
2, 5, 19
Suppose 90*j - 89*j - 569 = 0. Let z = j - 244. List the prime factors of z.
5, 13
Let o be (-2)/6 - (-42)/18. Suppose w = 11 + o. What are the prime factors of w?
13
Suppose 12*u - 42 = 9*u. Suppose 2*t + 3*q - 5 = 0, -3*q = -5*t + 9 + u. Suppose t*c - 58 = 126. What are the prime factors of c?
2, 23
Let s(b) = -b**3 - 9*b**2 - 7*b - 19. Let m be s(-8). Let y = -27 - m. What are the prime factors of 2/(2/64 + y)?
2
Let g be (9 - (4 - 4)) + (0 - -1). Suppose -q = -g*q + 441. What are the prime factors of q?
7
Suppose 7*i - 11*i = -2*k + 7024, i = 2*k - 7033. What are the prime factors of k?
2, 1759
Let i = 114 + -74. Suppose -10*u + 280 = i. List the prime factors of u.
2, 3
Suppose 3930 = 7*x - 354. List the prime factors of x.
2, 3, 17
Suppose 4*p + 5*c = 53, 2*p = -6*c + c + 29. Suppose 4*j - p - 8 = 0. Suppose j*y - 36 - 79 = 0. What are the prime factors of y?
23
Suppose -16 = i + 3*i. Let l(z) = 5*z**2 - 9*z - 9. Let u be l(i). Let k = 159 - u. What are the prime factors of k?
2, 13
Let o be (12 + -6 - 4)/((-2)/450). Let d = o - -635. List the prime factors of d.
5, 37
Let o be (2 - 25)*1*2. Suppose -82 = -3*u + 4*u - 5*g, 3*u + 257 = 4*g. Let p = o - u. List the prime factors of p.
41
Suppose -4*z = -4*a - 20, a = -3*z + 5*a + 18. Suppose -4*p = t + 2, -4*p = -4*t - z*p - 8. List the prime factors of 2 - 0 - (t + -11).
3, 5
Let h(x) = x**3 - 16*x**2 + x - 17. Let y be h(16). Let c be 3*y/(-3)*5. Suppose 225 = 3*f - 3*o, -351 = -c*f - 4*o + o. What are the prime factors of f?
2, 3
Suppose -2*j - 2927 - 11555 = -5*c, -3*c + 3*j = -8691. What are the prime factors of c?
2, 181
Let k = -21 + -6. What are the prime factors of 2 - -8*k/(-3)?
2, 37
Let f(b) = -b + 7. Let a be f(3). Let o be (8/a)/(4/310). Suppose -k + 4*w + 34 + 16 = 0, 5*k = w + o. List the prime factors of k.
2, 3, 5
Let j = 1 + 2. Suppose -j*v = -l + 20, -2*l - 7*v + 30 = -3*v. Let o = 35 - l. What are the prime factors of o?
2, 3
Let d = 1738 - 1124. Let o = -387 + d. What are the prime factors of o?
227
Let q(l) = 1 - 47*l**3 + 29*l**2 - 30*l**2 - 18*l**3. What are the prime factors of q(-1)?
5, 13
Suppose 4*f = v + 2393, -3*v + 445 = f - 137. List the prime factors of f.
3, 199
Suppose -3*v = 5*d - 16053, 3*d - 1164 - 9539 = -2*v. List the prime factors of v.
2, 13, 103
Suppose 19*k - 15*k - 3092 = 0. What are the prime factors of k?
773
Suppose 0 = -0*l - 3*l + 6. Suppose l*k = 20 + 40. Suppose 4 = -2*u + 5*c + k, 2*u = 3*c + 34. List the prime factors of u.
23
Let z(j) = -12*j - 75. Let v be z(-10). Let b = 2 - 1. Suppose -m = -v + b. List the prime factors of m.
2, 11
Let t be 72/30 + 2/(-5). Let w(m) = -m + 4. Let o be w(t). Suppose -r - o = -9. List the prime factors of r.
7
Let b(f) = 20*f**3 - 4*f**2 + 2*f + 1. Let s be b(2). Suppose 8*q = -s - 179. Let i = q - -53. List the prime factors of i.
2, 3
Suppose -2*v - 9 = -5*v. Suppose 0 = v*c - 5*c + 200. What are the prime factors of c?
2, 5
List the prime factors of 2490*20/(-105)*-7.
2, 5, 83
Let u be (-2)/4 - (-222)/4. Let y = 90 - u. Let s = 60 - y. List the prime factors of s.
5
Suppose 3*g + 25 = 7. Let n = g - -6. Suppose n = -s - s + 48. What are the prime factors of s?
2, 3
Suppose -8*m - 196 = -3*s - 3*m, 0 = 3*s - 3*m - 204. Let q = -16 + s. What are the prime factors of q?
2, 7
Let c(g) = g**3 + 19*g**2 - 23*g - 34. Let y be c(-20). Let i(w) = -3*w**3 + 4*w**2 + 3*w - 4. Let z be i(-7). What are the prime factors of z/y + 10/(-65)?
2, 23
Let t(u) = -39*u**2 - 11*u - 22. Let g(v) = 23*v**2 + 6*v + 11. Let k(i) = -5*g(i) - 3*t(i). Suppose 0 = -j + 4*j + 18. What are the prime factors of k(j)?
5, 13
Suppose 17*s - 14*s + g - 5249 = 0, -2*g = -5*s + 8741. List the prime factors of s.
3, 11, 53
Let c(y) = 0*y + 11 + 4*y + y. Let m(k) = -15*k - 172. Let r be m(-12). List the prime factors of c(r).
3, 17
What are the prime factors of -72*(-8)/42*(1 + 6)?
2, 3
Let o(g) = -40*g - g**3 + 13*g + 7*g**2 + 23*g + 10. List the prime factors of o(3).
2, 17
Let j = 3916 + -1622. What are the prime factors of j?
2, 31, 37
Let m(v) = v**2 - 26*v + 37. Let b = -4 + 30. What are the prime factors of m(b)?
37
Let u = -95 + 197. Suppose 6*n = u + 366. List the prime factors of n.
2, 3, 13
Let u(x) = 6*x + 46. Let f be u(13). Suppose 0 = -3*d + f + 89. Wh